{"id":8186,"date":"2026-09-01T11:19:50","date_gmt":"2026-09-01T15:19:50","guid":{"rendered":"https:\/\/latinochildcareassociationmd.com\/?post_type=tribe_events&#038;p=8186"},"modified":"2026-09-01T11:19:50","modified_gmt":"2026-09-01T15:19:50","slug":"mi-voz-mi-historia-mi-impacto","status":"publish","type":"tribe_events","link":"https:\/\/latinochildcareassociationmd.com\/en\/event\/mi-voz-mi-historia-mi-impacto\/","title":{"rendered":"MI VOZ, MI HISTORIA, MI IMPACTO"},"content":{"rendered":"\r\n<p data-start=\"124\" data-end=\"263\">MI VOZ, MI HISTORIA, MI IMPACTO<br \/>Les invitamos a nuestra primera reuni\u00f3n de abogac\u00eda y liderazgo para la comunidad latina en educaci\u00f3n infantil.<br \/><br \/>\ud83d\udcc5 Mi\u00e9rcoles 26 de agosto de 2026<br \/>\u23f0 6:30 PM \u2013 8:00 PM<br \/><br \/>Ser\u00e1 un espacio seguro para compartir nuestras experiencias, reconocer el poder de nuestras voces y comenzar a construir una red de apoyo y acci\u00f3n colectiva.<br \/>\u00a0Invitada especial: Lucy Recio<br \/>Co-Founder &amp; Principal Consultant<br \/>Third Bloom Consulting<br \/>Su experiencia en pol\u00edticas p\u00fablicas y equidad nos inspirar\u00e1 a seguir avanzando juntas en este movimiento de liderazgo latino.<br \/><br \/>\ud83d\udcf2 \u00a1Tu voz cuenta, tu historia importa y tu impacto transforma!<br \/><br \/>Hi there,<br \/><br \/>You are invited to a Zoom meeting.<br \/>When: Aug 26, 2026 06:30 PM Eastern Time (US and Canada)<br \/><br \/>Register in advance for this meeting:<br \/><a id=\"OWAa9ed70d0-bec5-4b13-dbf7-60bb38469717\" class=\"x_x_OWAAutoLink\" href=\"https:\/\/us06web.zoom.us\/meeting\/register\/s0esHcUcR0yI0klYaXsUHA\" target=\"_blank\" rel=\"noopener noreferrer\">https:\/\/us06web.zoom.us\/meeting\/register\/s0esHcUcR0yI0klYaXsUHA<\/a><br \/><br \/>After registering, you will receive a confirmation email containing information about joining the meeting.<\/p>\r\n<p style=\"text-align: center;\" data-start=\"124\" data-end=\"263\"><img decoding=\"async\" class=\"aligncenter wp-image-8188 size-large lazyload\" data-src=\"https:\/\/latinochildcareassociationmd.com\/wp-content\/uploads\/2026\/09\/image-1-732x1024.jpg\" alt=\"Invitaci\u00f3n: Mi voz, mi historia, mi impacto. \" width=\"732\" height=\"1024\" title=\"\" src=\"data:image\/svg+xml;base64,PHN2ZyB3aWR0aD0iMSIgaGVpZ2h0PSIxIiB4bWxucz0iaHR0cDovL3d3dy53My5vcmcvMjAwMC9zdmciPjwvc3ZnPg==\" style=\"--smush-placeholder-width: 732px; --smush-placeholder-aspect-ratio: 732\/1024;\"><\/p>","protected":false},"excerpt":{"rendered":"<p>MI VOZ, MI HISTORIA, MI IMPACTO<br \/>\nLes invitamos a nuestra primera reuni\u00f3n de abogac\u00eda y liderazgo para la comunidad latina en educaci\u00f3n infantil.<\/p>\n","protected":false},"author":2,"featured_media":8188,"template":"","meta":{"_tribe_events_status":"","_tribe_events_status_reason":"","footnotes":""},"tags":[],"tribe_events_cat":[151],"class_list":["post-8186","tribe_events","type-tribe_events","status-publish","has-post-thumbnail","hentry","tribe_events_cat-eventos","cat_eventos"],"_links":{"self":[{"href":"https:\/\/latinochildcareassociationmd.com\/en\/wp-json\/wp\/v2\/tribe_events\/8186","targetHints":{"allow":["GET"]}}],"collection":[{"href":"https:\/\/latinochildcareassociationmd.com\/en\/wp-json\/wp\/v2\/tribe_events"}],"about":[{"href":"https:\/\/latinochildcareassociationmd.com\/en\/wp-json\/wp\/v2\/types\/tribe_events"}],"author":[{"embeddable":true,"href":"https:\/\/latinochildcareassociationmd.com\/en\/wp-json\/wp\/v2\/users\/2"}],"version-history":[{"count":2,"href":"https:\/\/latinochildcareassociationmd.com\/en\/wp-json\/wp\/v2\/tribe_events\/8186\/revisions"}],"predecessor-version":[{"id":8190,"href":"https:\/\/latinochildcareassociationmd.com\/en\/wp-json\/wp\/v2\/tribe_events\/8186\/revisions\/8190"}],"wp:featuredmedia":[{"embeddable":true,"href":"https:\/\/latinochildcareassociationmd.com\/en\/wp-json\/wp\/v2\/media\/8188"}],"wp:attachment":[{"href":"https:\/\/latinochildcareassociationmd.com\/en\/wp-json\/wp\/v2\/media?parent=8186"}],"wp:term":[{"taxonomy":"post_tag","embeddable":true,"href":"https:\/\/latinochildcareassociationmd.com\/en\/wp-json\/wp\/v2\/tags?post=8186"},{"taxonomy":"tribe_events_cat","embeddable":true,"href":"https:\/\/latinochildcareassociationmd.com\/en\/wp-json\/wp\/v2\/tribe_events_cat?post=8186"}],"curies":[{"name":"wp","href":"https:\/\/api.w.org\/{rel}","templated":true}]}}

<p data-start="124" data-end="263">MI VOZ, MI HISTORIA, MI IMPACTO<br />Les invitamos a nuestra primera reunión de abogacía y liderazgo para la comunidad latina en educación infantil.<br /><br />📅 Miércoles 26 de agosto de 2026<br />⏰ 6:30 PM – 8:00 PM<br /><br />Será un espacio seguro para compartir nuestras experiencias, reconocer el poder de nuestras voces y comenzar a construir una red de apoyo y acción colectiva.<br /> Invitada especial: Lucy Recio<br />Co-Founder &amp; Principal Consultant<br />Third Bloom Consulting<br />Su experiencia en políticas públicas y equidad nos inspirará a seguir avanzando juntas en este movimiento de liderazgo latino.<br /><br />📲 ¡Tu voz cuenta, tu historia importa y tu impacto transforma!<br /><br />Hi there,<br /><br />You are invited to a Zoom meeting.<br />When: Aug 26, 2026 06:30 PM Eastern Time (US and Canada)<br /><br />Register in advance for this meeting:<br /><a id="OWAa9ed70d0-bec5-4b13-dbf7-60bb38469717" class="x_x_OWAAutoLink" href="https://us06web.zoom.us/meeting/register/s0esHcUcR0yI0klYaXsUHA" target="_blank" rel="noopener noreferrer">https://us06web.zoom.us/meeting/register/s0esHcUcR0yI0klYaXsUHA</a><br /><br />After registering, you will receive a confirmation email containing information about joining the meeting.</p>
<p style="text-align: center;" data-start="124" data-end="263"><img decoding="async" class="aligncenter wp-image-8188 size-large lazyload" data-src="https://latinochildcareassociationmd.com/wp-content/uploads/2026/09/image-1-732x1024.jpg" alt="Invitación: Mi voz, mi historia, mi impacto. " width="732" height="1024" title="" src="data:image/svg+xml;base64,PHN2ZyB3aWR0aD0iMSIgaGVpZ2h0PSIxIiB4bWxucz0iaHR0cDovL3d3dy53My5vcmcvMjAwMC9zdmciPjwvc3ZnPg==" style="--smush-placeholder-width: 732px; --smush-placeholder-aspect-ratio: 732/1024;"></p>

<p>MI VOZ, MI HISTORIA, MI IMPACTO<br />
Les invitamos a nuestra primera reunión de abogacía y liderazgo para la comunidad latina en educación infantil.</p>
